by 8?
7
Calculate the remainder when 175 is divided by 36.
31
Calculate the remainder when 1367 is divided by 15.
2
Calculate the remainder when 4075 is divided by 80.
75
Calculate the remainder when 425 is divided by 219.
206
Calculate the remainder when 322 is divided by 6.
4
Calculate the remainder when 3148 is divided by 14.
12
What is the remainder when 272 is divided by 25?
22
What is the remainder when 92 is divided by 6?
2
What is the remainder when 2831 is divided by 13?
10
What is the remainder when 175 is divided by 44?
43
What is the remainder when 380 is divided by 59?
26
What is the remainder when 227 is divided by 111?
5
What is the remainder when 100596 is divided by 358?
356
Calculate the remainder when 18896 is divided by 108.
104
Calculate the remainder when 1884 is divided by 623.
15
What is the remainder when 23 is divided by 5?
3
Calculate the remainder when 202 is divided by 66.
4
Calculate the remainder when 49 is divided by 18.
13
What is the remainder when 3378 is divided by 26?
24
What is the remainder when 657 is divided by 384?
273
Calculate the remainder when 357 is divided by 118.
3
Calculate the remainder when 181 is divided by 35.
6
Calculate the remainder when 30377 is divided by 41.
37
Calculate the remainder when 1126 is divided by 370.
16
Calculate the remainder when 1366 is divided by 72.
70
What is the remainder when 41 is divided by 8?
1
What is the remainder when 224 is divided by 37?
2
Calculate the remainder when 339 is divided by 105.
24
What is the remainder when 1234 is divided by 94?
12
Calculate the remainder when 153 is divided by 44.
21
What is the remainder when 258 is divided by 20?
18
Calculate the remainder when 686 is divided by 53.
50
Calculate the remainder when 169 is divided by 25.
19
What is the remainder when 438 is divided by 4?
2
What is the remainder when 169 is divided by 101?
68
Calculate the remainder when 195 is divided by 9.
6
Calculate the remainder when 1546 is divided by 156.
142
What is the remainder when 1387 is divided by 23?
7
What is the remainder when 2445 is divided by 16?
13
What is the remainder when 440 is divided by 112?
104
What is the remainder when 77290 is divided by 76?
74
Calculate the remainder when 113 is divided by 24.
17
Calculate the remainder when 108 is divided by 45.
18
Calculate the remainder when 2285 is divided by 104.
101
What is the remainder when 15 is divided by 3?
0
What is the remainder when 1341 is divided by 16?
13
What is the remainder when 1287 is divided by 237?
102
Calculate the remainder when 154 is divided by 125.
29
Calculate the remainder when 968 is divided by 60.
8
What is the remainder when 31 is divided by 19?
12
What is the remainder when 1607 is divided by 1607?
0
What is the remainder when 106 is divided by 54?
52
Calculate the remainder when 2684 is divided by 136.
100
Calculate the remainder when 324 is divided by 141.
42
Calculate the remainder when 1020 is divided by 11.
8
Calculate the remainder when 273 is divided by 117.
39
Calculate the remainder when 358 is divided by 81.
34
What is the remainder when 54 is divided by 41?
13
What is the remainder when 315 is divided by 9?
0
What is the remainder when 354 is divided by 5?
4
Calculate the remainder when 505 is divided by 13.
11
What is the remainder when 241 is divided by 13?
7
What is the remainder when 63 is divided by 22?
19
Calculate the remainder when 1282 is divided by 107.
105
What is the remainder when 1225 is divided by 88?
81
Calculate the remainder when 16631 is divided by 132.
131
Calculate the remainder when 819 is divided by 395.
29
Calculate the remainder when 6457 is divided by 358.
13
What is the remainder when 380 is divided by 94?
4
Calculate the remainder when 178 is divided by 42.
10
Calculate the remainder when 1059 is divided by 227.
151
Calculate the remainder when 81 is divided by 23.
12
Calculate the remainder when 457 is divided by 116.
109
What is the remainder when 5004 is divided by 35?
34
What is the remainder when 96 is divided by 41?
14
What is the remainder when 220 is divided by 13?
12
Calculate the remainder when 537 is divided by 18.
15
What is the remainder when 158 is divided by 32?
30
What is the remainder when 38 is divided by 30?
8
What is the remainder when 2037 is divided by 40?
37
What is the remainder when 273 is divided by 11?
9
What is the remainder when 1483 is divided by 295?
8
Calculate the remainder when 834 is divided by 417.
0
Calculate the remainder when 953 is divided by 18.
17
Calculate the remainder when 252 is divided by 67.
51
Calculate the remainder when 747 is divided by 12.
3
What is the remainder when 1729 is divided by 80?
49
Calculate the remainder when 129 is divided by 60.
9
Calculate the remainder when 184 is divided by 6.
4
Calculate the remainder when 2330 is divided by 86.
8
What is the remainder when 1607 is divided by 801?
5
What is the remainder when 320 is divided by 27?
23
What is the remainder when 225 is divided by 86?
53
What is the remainder when 297 is divided by 75?
72
What is the remainder when 237 is divided by 99?
39
What is the remainder when 93 is divided by 32?
29
What is the remainder when 1488 is divided by 324?
192
What is the remainder when 1081 is divided by 356?
13
Calculate the remainder when 675 is divided by 40.
35
Calculate the remainder when 733 is divided by 11.
7
What is the remainder when 103 is divided by 97?
6
What is the remainder when 178 is divided by 41?
14
Calculate the remainder when 3761 is divided by 1875.
11
Calculate the remainder when 47 is divided by 7.
5
What is the remainder when 66 is divided by 53?
13
What is the remainder when 367 is divided by 75?
67
Calculate the remainder when 339 is divided by 57.
54
What is the remainder when 745 is divided by 22?
19
What is the remainder when 960 is divided by 78?
24
What is the remainder when 51 is divided by 27?
24
Calculate the remainder when 725 is divided by 52.
49
What is the remainder when 150 is divided by 20?
10
Calculate the remainder when 959 is divided by 20.
19
What is the remainder when 45 is divided by 16?
13
Calculate the remainder when 413 is divided by 20.
13
Calculate the remainder when 841 is divided by 12.
1
Calculate the remainder when 10 is divided by 6.
4
Calculate the remainder when 297 is divided by 80.
57
Calculate the remainder when 461 is divided by 219.
23
What is the remainder when 1854 is divided by 12?
6
Calculate the remainder when 99 is divided by 26.
21
Calculate the remainder when 278 is divided by 50.
28
Calculate the remainder when 4525 is divided by 9.
7
Calculate the remainder when 203 is divided by 8.
3
What is the remainder when 458 is divided by 115?
113
What is the remainder when 376 is divided by 19?
15
What is the remainder when 213 is divided by 64?
21
Calculate the remainder when 249 is divided by 63.
60
What is the remainder when 9 is divided by 7?
2
Calculate the remainder when 241 is divided by 36.
25
Calculate the remainder when 722 is divided by 250.
222
Calculate the remainder when 6250 is divided by 23.
17
Calculate the remainder when 4272 is divided by 148.
128
Calculate the remainder when 518 is divided by 512.
6
What is the remainder when 1067 is divided by 22?
11
What is the remainder when 3848 is divided by 35?
33
Calculate the remainder when 46 is divided by 25.
21
Calculate the remainder when 166 is divided by 5.
1
Calculate the remainder when 3881 is divided by 90.
11
What is the remainder when 1354 is divided by 39?
28
Calculate the remainder when 45 is divided by 10.
5
Calculate the remainder when 337 is divided by 20.
17
What is the remainder when 4329 is divided by 12?
9
What is the remainder when 98 is divided by 15?
8
Calculate the remainder when 354 is divided by 91.
81
What is the remainder when 17 is divided by 8?
1
Calculate the remainder when 16 is divided by 11.
5
Calculate the remainder when 333 is divided by 44.
25
What is the remainder when 4690 is divided by 112?
98
Calculate the remainder when 305 is divided by 291.
14
What is the remainder when 49445 is divided by 123?
122
What is the remainder when 78 is divided by 57?
21
What is the remainder when 1021 is divided by 93?
91
Calculate the remainder when 830 is divided by 